2 - 13/6*u**l + 0 + 0*u + 1/24*u**4. Calculate a(0).
-13
Let f(w) = -15*w - 12*w + 17*w**2 + 11*w + 10 - w**3. Let l be f(16). Let q(o) = 3*o**2 + 6 - 4*o**2 + 4*o**2 + 10*o - 4*o**2. What is q(l)?
6
Let b(x) = -336*x + 10412. Let k be b(31). Let v(z) = -z**2 + 13*z + 58. Calculate v(k).
-10
Let m(v) = 32*v**3 + v**2 + v - 1. Let d(q) = -5*q**2 + 196*q - 227. Let n be d(38). Calculate m(n).
33
Let r(b) = b + 29. Let o be ((-8)/(-4))/(7/175*-2). Determine r(o).
4
Let d(c) = 3*c - 15. Let j be d(5). Suppose 5*r - 15 + 5 = j. Let u(h) = -3*h**2 + 2*h**2 + 0*h**2 + h. What is u(r)?
-2
Let d(s) = 4*s**2 - 11*s. Let g(w) = -w**2 - 1. Let y(v) = -d(v) - 5*g(v). Suppose 11 = n + 5*u, -17*u = -2*n - 14*u - 17. Give y(n).
-23
Suppose -27 = 3*l - 9. Let p(m) be the first derivative of 2*m**3/3 + 11*m**2/2 + 2*m + 294. Determine p(l).
8
Let i = -3536 + 3531. Let s(m) be the third derivative of -m**4/8 - 7*m**3/6 + 2*m**2. Give s(i).
8
Let g(n) = -n**3 + n**2 + 3*n + 4. Let r(c) be the first derivative of -c**3/3 + c**2/2 - 97. Let j(t) = -g(t) + 5*r(t). Determine j(4).
-28
Suppose 2*o - 241 = -3*q - 2*o, 2*o - 338 = -4*q. Let r = q + -87. Suppose -z + 4*s + 24 = -5*z, -2*z - 4*s - 20 = r. Let w(l) = l**3 + l**2 - l - 2. Give w(z).
-4
Let q(s) = 2 + 274*s - 258*s - 97. Let j be q(6). Let h(a) = 18*a**3 - a**2 + 1. Calculate h(j).
18
Let s(w) = w**2 - w + 4. Suppose -t + 8 = -1433*g + 1436*g, -8 = -5*g + t. What is s(g)?
6
Let i(w) be the first derivative of 108 - 2*w**2 + 2*w - 1/2*w**4 + 4/3*w**3. Give i(2).
-6
Let s(r) = -r**2 + 6*r. Let c be s(6). Let z(t) be the second derivative of -t**5/20 - t**4/12 + t**3/6 + 15*t**2/2 + 41*t - 3. Determine z(c).
15
Let b(c) = -2*c - 1. Let h(q) = 13*q - 75. Let u = -205 - -211. Let p be h(u). What is b(p)?
-7
Let l(s) be the first derivative of -s**3/3 - 4*s**2 - 2*s - 16. Let c(q) be the second derivative of q**3/6 + 4*q**2 - 6*q. Let j be c(-15). What is l(j)?
5
Let b(w) = -w**2 - 23*w - 35. Let r be b(-21). Let s = r + -3. Let m(p) = 5*p**2 + s - 4*p + 4*p**2 - 5*p**2 - 2*p**2. Give m(3).
10
Let b(m) = m**2 - 4*m - 72. Let a(g) = -91*g + 739. Let j be a(8). Determine b(j).
5
Let r = 2096 - 2099. Let j(k) = -k**3 + 3*k**2 + k - 6. Calculate j(r).
45
Let r(d) be the second derivative of -7*d - 3*d**2 - 7/12*d**4 - 1/20*d**5 - 2/3*d**3 + 0. Give r(-4).
-38
Let o(y) = -y**3 - 31*y**2 - 44*y - 4. Let a(b) = b**3 + 32*b**2 + 43*b + 3. Let n(c) = -7*a(c) - 6*o(c). Let x be n(-37). Let k(z) = 11*z - 1. What is k(x)?
32
Let f be (-54)/(0 - (-2 - -1)). Let v = -55 - f. Let g(w) be the third derivative of -w**6/120 - w**5/60 + 2*w**2. Determine g(v).
0
Let v(r) = -5*r - 31. Let t(q) = 6*q + 34. Let y(u) = -6*t(u) - 7*v(u). Let d = 14 - 8. What is y(d)?
7
Let j be 3*((-10)/15)/2. Suppose 4 - 8 = -4*x. Let b be (-1)/(x/(-6)*j). Let z(l) = l**2 + 7*l - 6. Give z(b).
-12
Suppose -8*r + 241 - 161 = 0. Suppose 25 = 7*z - r. Let w(l) = -l + 7. Calculate w(z).
2
Let h(j) be the third derivative of j**7/70 + j**6/360 + j**5/120 + j**4/24 - 5*j**3/3 + 24*j**2 - 1. Let i(y) be the first derivative of h(y). Determine i(-1).
-11
Let j(w) = -2*w**2 - 93*w - 1078. Let c be j(-24). Let a(u) = 28*u**2 - 4*u + 4. Determine a(c).
108
Let i be 3 - (1 + 5/5). Let w be 4*i - (-15 - 21). Suppose 3*u + w = -5*u. Let s(d) = -3*d - 7. Determine s(u).
8
Let a(s) = 2*s + 5*s**3 + 3*s**2 - 3*s**3 + 0*s + 15675 - 15672. Determine a(-3).
-30
Let k = -732 - -725. Let a(y) = -y**3 - 7*y**2 + 3*y + 16. Give a(k).
-5
Let n(x) be the third derivative of x**4/12 + 17*x**3/3 - 21*x**2 + 5*x. What is n(-24)?
-14
Let k(f) be the first derivative of f**3/3 + 13*f**2/2 + 36*f - 3629. What is k(-9)?
0
Let d(m) = -3*m**3 - 12*m + 2*m**2 + 555 + 0*m**3 - m**2 - 544 + 5*m**2. Determine d(2).
-13
Let g(z) = z**2 + 2*z + 2. Let j be g(-3). Let t(a) be the third derivative of -a**6/120 + a**5/20 + a**4/2 - 7*a**3/6 + 9*a**2 - 64*a. Give t(j).
3
Let v(i) = 17*i + 1. Let l(h) = -4*h. Let d(y) = -9*l(y) - 2*v(y). Let q(j) = j**3 + 13*j**2 + 16*j + 4. Let a be q(-12). Let w = -48 - a. What is d(w)?
-10
Let k(t) = -4*t - 3. Let l(c) = 4*c - 111. Let a(n) = -n**2 + 7*n - 10. Let s be a(5). Let o be l(s). Let q = o + 108. Calculate k(q).
9
Suppose -4*q - 10 + 46 = 0. Suppose 2*o + q = 5*o. Let v(z) = -1 - 3*z - z + o + 3*z. Determine v(-7).
9
Let h(y) = -y**3 - 7*y**2. Let z(w) = 68 - 20*w**2 - 43 - 30*w + 18*w**2. Let t be z(-16). Calculate h(t).
0
Let u(n) = -9 - 10 + 39 - n - 15. Suppose 0*t - 7*t + 42 = 0. Calculate u(t).
-1
Let p(t) = 3*t**3 + t**2 - t - 2. Let d(b) = 11*b**3 - 5*b**2 + 3*b - 15. Let u(v) = -d(v) + 4*p(v). Give u(-9).
70
Suppose 3*w = -3*i - 51, 3*w - 20*i = -21*i - 41. Let u(g) = -6*g - 74. Let o be u(w). Let m(r) = -r**2 - r - 1. Give m(o).
-3
Let z = 0 - -4. Let r(b) = b**2 - 1. Let m(s) = -3*s**2 - 6*s + 4. Let q(p) = z*r(p) + m(p). Let n be 2451/399 - 48/42. What is q(n)?
-5
Let w(c) be the first derivative of 3*c**2/2 - 1. Suppose -5*p = -2*m - 52, -3*m + 7*p - 5*p - 78 = 0. Let a be (3 + 51/(-15))/(m/(-65)). Calculate w(a).
-3
Let n(a) = a**3 - 17*a**2 + 31*a - 13. Let z be n(2). Let o(l) = -6*l - 20. Determine o(z).
46
Let a(h) = -5*h. Let y be a(-1). Let k(l) = -y*l**2 + 7 - 4*l**2 + 7*l**3 - 8*l**3 - l. Let r = -710 - -701. What is k(r)?
16
Let d(b) = -b**2 - 69*b - 721. Let r be d(-56). Let n(f) = f**2 + 2*f - 11. Give n(r).
52
Suppose -2*c - 5*i + 7*i - 2 = 0, 4*c = i + 5. Let a(u) = -u**3 - 3503*u + 11 - u**c + 3503*u. Determine a(0).
11
Let g = 182/549 - -1/549. Let t(y) be the first derivative of 3*y**2 + g*y**3 + 13 + 0*y. What is t(-8)?
16
Suppose -2*q + 157 = 3*p + 2*q, 5*p = -2*q + 243. Suppose 0 = p*d + 112 + 123. Let o(r) = 3*r + 10. Determine o(d).
-5
Let u(h) = -4*h + 22 - 19 - 16 + h + 0*h. Suppose -12 = n + 2*x, 7*x = 3*n + 2*x + 3. Calculate u(n).
5
Let m(g) = 1183 - 565 + 10*g + g**2 - 694. What is m(5)?
-1
Let k(l) = l**2 + 10*l - 58. Let r(p) = -p**3 + 13*p**2 + 46*p + 36. Let q be r(16). What is k(q)?
-2
Suppose -751*y + 773*y + 198 = 0. Let i(b) = b**3 + 7*b**2 - 13*b + 4. Determine i(y).
-41
Let u be (7/(-5))/((-2387)/3410). Let c(s) be the third derivative of 0*s - 1/24*s**4 + 0 + 3*s**3 - u*s**2. Determine c(8).
10
Suppose -30*o + 50 = -340. Let i(l) = 10*l**2 - 19*l - 7. Let f(s) = -21*s**2 + 41*s + 15. Let t(h) = o*i(h) + 6*f(h). Give t(3).
32
Let f(i) = 44*i - 1449. Let q be f(33). Let r(x) = -25*x + 10. Determine r(q).
-65
Suppose 0 = y - 1374 + 991. Let z = y - 387. Let b(m) = -2*m**2 - 6*m. Calculate b(z).
-8
Let c(g) = -3*g**3 + g + 1. Suppose -129 = -10*q + 51. Suppose q*y = -10*y - 56. Calculate c(y).
23
Suppose -2*v = 5*q + 7 - 29, -2*q + 7 = -v. Suppose 2*t = 3*t, -q*y = -3*t + 16. Let a(s) = 5*s + 55 - 57 + 7*s**3 - 3*s**3 - 3*s**3 + 5*s**2. Determine a(y).
-6
Let p(a) be the third derivative of 44*a**2 + 0*a + 0*a**3 + 0 + 1/12*a**4 + 1/30*a**5. Give p(2).
12
Let i(x) be the first derivative of 3*x**2/2 - 26*x + 680. Give i(10).
4
Let o(y) = -2*y**2 + 4*y + 2. Let r(f) = -f**3 - 12*f**2 + 16*f + 6. Let h(m) = -3*o(m) + r(m). Determine h(-5).
-45
Let r(z) = -4*z**2 + 2*z + 6. Let v(g) = -98*g + 1766. Let f be v(18). What is r(f)?
-6
Let y(r) = 2*r + 4. Let a(h) = 51*h**2 - 15*h**2 - 16*h**2 + h**3 + 5*h - 15*h**2. Let s be a(-4). Give y(s).
-4
Let d(l) = 10*l**2 + 1 - 4*l**2 - 7*l**2. Let m = -104 - -107. Suppose m*z + 2*z = -z. What is d(z)?
1
Let y(w) = -w**3 + 22*w**2 - 44*w + 75. Suppose -35*c + 62*c + 96 = 636. Calculate y(c).
-5
Let a(o) = -112*o**2 + 0*o**3 + 8 - o + 144*o**2 + 2*o**3 + 22 - 3*o**3. Give a(32).
-2
Let t(v) = -v**2 + 3*v + 3. Let d(g) = -39*g + 69. Let h(y) = -8*y + 14. Let j(a) = 5*d(a) - 24*h(a). Let k be j(1). What is t(k)?
-15
Let q be 3*1 + 14 + -5 + -3. Let v(p) = 2 + 0 + 8*p**2 - 4*p - q*p**2. Suppose 2*c + 0 = 3*i + 2, 4*c + 16 = i. What is v(i)?
2
Let d(u) = 2*u - 7. Let z be d(7). Let v(n) be the first derivative of -n**3/3 + 4*n**2 - 10*n - 2101. Calculate v(z).
-3
Let z(h) = -h**2 - 18*h - 66. Suppose 4*k + 2*x = -18, 2*x - 39 = 2*k - 3*x. Give z(k).
11
Let g be -4 - -1*(-2 + 4 + 2). Let c be 0 + 0 + 8/2. Let u(f) = -c + f - f + f + g*f. What is u(2)?
-2
Let d be (-33)/22*(1 + -13). Suppose 3 = 4*f - 5*u - d, 5*f - 16 = -4*u. Suppose -f*p - 13*p + 136 = 0. Let a(w) = -w**